2). Suppose 24 = r*q - 4*y, q + 0*q + 4*y - 12 = 0. What is the greatest common factor of q and 18?
6
Let c(z) = 7*z**2 + 2*z - 5. Suppose 31 = -5*y + 6. Let v be c(y). Suppose 0 = -2*j + 4*j - v. What is the greatest common divisor of j and 20?
20
Let k(w) = w + 1. Suppose -r + 5*r - 28 = 0. Suppose -4*f + r = -4*u - 5, -4*f = u - 17. Let d be k(f). What is the highest common divisor of d and 45?
5
Suppose d + 3*b - 7 = 0, -d + 4*b = d + 6. What is the greatest common factor of d and 1?
1
Suppose 5 = -5*n, -n - 17 = 2*w - 44. Calculate the highest common divisor of w and 7.
7
Let g(x) = x**2 - x + 8. Let c be g(6). Suppose 6*k - 22 - c = 0. Let i(y) = 2*y - 4. Let w be i(3). What is the highest common divisor of w and k?
2
Suppose 0*b = 2*b + 10, 2*b + 3 = -p. Let c(q) = 35*q**2 + 1 + 0*q + 0*q + 27*q**2. Let i be c(1). Calculate the highest common divisor of p and i.
7
Let c(p) = p**2 - 3*p - 2. Let l be c(-5). Let g = l - 23. Suppose -2*f + 29 = -i - g, 5*i = f - 4. What is the greatest common factor of 36 and f?
12
Suppose -67*l - 1045 = -122*l. Let u be ((-38)/8)/(2/(-8)). Calculate the greatest common factor of l and u.
19
Let m be (2/6)/(3/45). Suppose -2*x + 30 = n, 0 = 2*n - m*n + 4*x + 50. Let l = 32 - n. What is the highest common factor of l and 2?
2
Suppose 3*a - 46 = -3*d + d, a - 2 = 0. Let v = -44 + 64. Calculate the greatest common factor of d and v.
20
Let c(z) = -z**3 + 8*z**2 - 5*z - 7. Let b(w) = -w + w + w**2 - w + 1. Let j(u) = b(u) + c(u). Let k be j(7). Calculate the highest common factor of 25 and k.
25
Let d = 17 - 7. Let y = -7 + d. Let w(a) = -100*a + 301. Let x be w(3). Calculate the highest common divisor of x and y.
1
Suppose -5*t = 3*p - 81, -2*p - 3*t + 54 = t. Let x = p - 21. Calculate the highest common divisor of 2 and x.
2
Suppose -2*y = -1 + 5. Let j(k) = -20*k - 8. Let n be j(y). Suppose -2*p = -z - 2*z + 12, z = -3*p + 4. What is the highest common divisor of n and z?
4
Suppose 0 = -5*y - 3*l + 8, 4*y - 4*l - 8 = -8*l. Let s = y + 2. Suppose -s*b - 240 = -7*b. Calculate the highest common factor of b and 15.
15
Let k = -342 - -361. Let h(y) = -y**3 - 4*y**2 + 5. Let r be h(-7). What is the highest common factor of r and k?
19
Let j(a) = 3*a**2 - a - 1. Let i be j(2). Suppose -4*d + 2*y + 280 = -8, 0 = -d + y + 72. Suppose -9*c = -c - d. What is the greatest common divisor of i and c?
9
Let m(n) = -4*n. Let d(f) = -2*f**2 - 3*f + 5. Let i be d(-4). Let k be m(i). What is the greatest common factor of 20 and k?
20
Let j(u) = 23*u**2 - 102*u + 600. Let w be j(6). What is the highest common divisor of w and 6?
6
Suppose -33 = 3*c - 54. Suppose -10*i + c*i + 36 = 0. What is the highest common divisor of i and 48?
12
Suppose 0 = -2*b + 21 + 291. What is the greatest common divisor of 351 and b?
39
Let y be (2 - (-6 + -188)) + -4. Calculate the highest common divisor of y and 24.
24
Suppose -2*p - 24 = 5*c, -2*p - 3*c = p + 36. Let s(d) = d + 10. Let x be s(-9). Let q be 69/p*-12*x. Calculate the highest common divisor of 23 and q.
23
Let z(t) = 10*t**2 - 12*t + 8. Let y(h) = h**2. Let x(q) = 12*y(q) - z(q). Let d be x(-8). What is the greatest common divisor of 16 and d?
8
Suppose 0*k + i = 3*k + 5, 0 = 3*k - 5*i + 25. Suppose -m + 3*g - 2 = 0, k = 4*m + 2*g + g - 52. Let z = 13 - 3. What is the highest common factor of z and m?
10
Suppose -6 = -6*g + 9*g, 0 = n + 3*g - 54. What is the highest common divisor of n and 36?
12
Let u = -898 - -921. Suppose -63 - 98 = -l. What is the greatest common divisor of u and l?
23
Let p = 321 - 42. Calculate the greatest common divisor of p and 62.
31
Suppose 4*m = 2*g + 672, 4*m + m - 840 = 4*g. What is the greatest common divisor of 30 and m?
6
Let y(t) = -t**2 + 27*t - 58. Let a be y(22). What is the highest common factor of a and 4?
4
Suppose 0 = 5*g - 2*g - 54. Suppose h - l + 13 = 0, 2*l + l + 38 = -4*h. Let v be h/(-5) + (-1)/5. What is the highest common divisor of g and v?
2
Suppose -51 - 96 = -3*p. Suppose 0 = 2*m + 4*s + 1 - 3, -5*s - 5 = 0. Suppose 0 = -2*u + m*u - 7. What is the greatest common factor of p and u?
7
Suppose -3*d = -5*f - 79, 0*f - 4*f = -d + 24. Calculate the greatest common divisor of 602 and d.
14
Let n = 2008 + -1949. What is the greatest common factor of 1121 and n?
59
Let z = -139 + 174. What is the highest common divisor of z and 140?
35
Suppose 0 = -2*r + x + 181, -r + 5*x = 2*r - 275. Suppose 0 = -g + 4*f - 10, 3*g - f - 45 = -4*f. Calculate the highest common factor of g and r.
10
Let s(q) = -2*q - 12. Let o be s(-9). Suppose -5*x = -0*n - 5*n - 30, -o = -x - 5*n. Let g = x - -3. Calculate the highest common factor of 90 and g.
9
Suppose o = -2*a - 1 + 75, 3*o + a - 242 = 0. What is the greatest common factor of 1025 and o?
41
Let a = -126 + 178. Suppose -2*w - 6*u + 334 = -u, -w + 3*u = -178. Let b = w + -94. What is the highest common factor of b and a?
26
Suppose 0 = 3*a - 219 + 27. Let o = -20 + a. Let v be o/33*27/2. What is the highest common factor of v and 36?
18
Let x(a) = 3*a**2 + 6*a - 12. Let p be x(-6). Suppose 0 = 4*y - 8*y + p. Calculate the greatest common factor of 60 and y.
15
Suppose 75 - 3 = -4*t. Let h(f) = -f - 10. Let a be h(t). Calculate the highest common divisor of a and 1.
1
Suppose -5 = f, 3*i - 7 = -f - 3. Suppose -83 = -i*a + 316. What is the highest common divisor of 19 and a?
19
Suppose -11 = -0*c + 3*c + 4*d, c - 4*d = 23. Let v = -337 - -342. Suppose -c*z = -v*z + 96. Calculate the greatest common divisor of z and 32.
16
Suppose 0 = 11*b - 5*b - 12. Let z be -1*b + 26 - (8 + -6). What is the highest common divisor of z and 77?
11
Suppose -22 - 7 = -2*s + c, -3*s + 44 = -c. Let z = s + 65. What is the greatest common factor of 16 and z?
16
Suppose -25 = -2*s + 3*q, -s + q - 4*q + 35 = 0. Suppose -40 = 5*b - 0*b + 5*l, 3*b = 2*l - 44. Let g = 20 + b. Calculate the greatest common factor of s and g.
4
Let l(t) = -t**3 - 4*t**2 - 2*t - 3. Let w be l(-5). Let a be (-480)/(-135)*(-9)/(-2). Calculate the greatest common factor of a and w.
16
Let q(s) = -s**3 - 10*s**2 + 10*s - 7. Let g be q(-11). Suppose 5*x - 114 = 2*r - 5*r, g = -2*r. Calculate the greatest common divisor of x and 24.
24
Let l(s) = -s**3 + 12*s**2 - 12*s + 10. Let v be l(11). Let j = 8 + v. What is the highest common divisor of 63 and j?
7
Let q be (16 - 18)/(1/(7 - -1)). Let p(t) = -t**2 - 20*t - 52. Let m be p(q). Calculate the highest common factor of 48 and m.
12
Suppose -32 = -3*v - 4*u, -5 + 25 = -5*u. Let p = -135 - -268. Suppose 5*n + p = 2*q, 4*q - 2*q - 2*n = 130. Calculate the highest common divisor of v and q.
16
Let c(v) = v**3 - v**2 + 4. Let r be c(0). Suppose 0 = -t - 4*l - 17, l + 4 = t - r. Suppose t*h - 44 = 187. What is the highest common divisor of 11 and h?
11
Let m(k) = 0*k + 0*k - 2*k - 3*k - 1. Let o be m(-3). Suppose 616 = -2*v + 6*v. What is the greatest common divisor of o and v?
14
Let q(w) = -7*w - 19. Let h be q(-12). Suppose 4*m = -i + 28 + h, 3*m - 3*i - 66 = 0. Calculate the greatest common factor of m and 23.
23
Let h(c) = c**3 - 3*c**2 - 15*c. Let u be h(6). What is the greatest common divisor of 468 and u?
18
Let c(f) = -f**3 - f**2 - 5*f - 6. Let v be c(-5). What is the highest common factor of v and 34?
17
Suppose -3*p + 6*p = 186. Suppose 233 = 9*z + p. Calculate the greatest common divisor of z and 114.
19
Suppose 4*h - 698 = -66*m + 67*m, -4*h + 692 = 2*m. Calculate the greatest common divisor of 6 and h.
6
Suppose -3*l + 420 - 152 = -5*q, -5*l = q - 428. Calculate the greatest common factor of l and 2666.
86
Suppose -2*v = s + 2*v - 273, 2*s = -4*v + 562. Suppose m = -4 + s. What is the highest common divisor of 19 and m?
19
Suppose 0 = 2*l - 92 - 20. Let x = 18 + -9. Suppose z - 23 = -x. What is the highest common divisor of z and l?
14
Suppose 5*w + 328 = -4*c + 2*w, -2*w = -c - 93. Let x be (((-81)/5)/1)/(17/c). Let u be ((-6)/(-8))/((-2)/(-24)). What is the highest common divisor of x and u?
9
Suppose -20 = -4*t - p + 55, 5*t = -4*p + 80. Let c be 140/(-6)*18/(-7). What is the highest common factor of t and c?
20
Let d(c) = 13*c + 5. Let y be d(-5). Let p = 39 - y. Calculate the greatest common divisor of 9 and p.
9
Let p = -24 - -28. Suppose -5*v + l = -57 - 2, 0 = 2*v + p*l - 28. Calcula